?
5, 1549, 23819
List the prime factors of 514006335.
3, 5, 19, 47, 12791
List the prime factors of 458919998.
2, 17, 97, 227, 613
What are the prime factors of 128436065?
5, 37, 173, 4013
What are the prime factors of 184147698?
2, 3, 7, 4384469
What are the prime factors of 2226284639?
2213, 1006003
List the prime factors of 139293661.
13, 10714897
List the prime factors of 4510621886.
2, 83, 27172421
List the prime factors of 984147132.
2, 3, 29, 487, 5807
What are the prime factors of 197763245?
5, 39552649
List the prime factors of 2326615357.
11, 211510487
List the prime factors of 7926014.
2, 71, 55817
What are the prime factors of 168282978?
2, 3, 2411, 11633
List the prime factors of 161176406.
2, 67, 101, 11909
List the prime factors of 404725631.
19, 71, 89, 3371
List the prime factors of 44996427.
3, 7, 19, 37591
List the prime factors of 22525667.
22525667
List the prime factors of 174406283.
167, 787, 1327
What are the prime factors of 5407213497?
3, 7, 23, 11195059
What are the prime factors of 64710636?
2, 3, 17, 317209
List the prime factors of 378344463.
3, 7, 18016403
What are the prime factors of 35498583?
3, 47, 83921
List the prime factors of 75498121.
23, 47, 211, 331
What are the prime factors of 467962954?
2, 467, 501031
List the prime factors of 81578406.
2, 3, 7, 13, 149411
List the prime factors of 5741608.
2, 83, 8647
List the prime factors of 15895872.
2, 3, 9199
List the prime factors of 384500914.
2, 7, 27464351
What are the prime factors of 82649780?
2, 5, 4132489
List the prime factors of 466912548.
2, 3, 17, 59, 67, 193
List the prime factors of 850608414.
2, 3, 131, 181, 1993
What are the prime factors of 39372115?
5, 7874423
What are the prime factors of 1086982097?
71, 97, 157831
What are the prime factors of 745298594?
2, 101, 3689597
What are the prime factors of 48595045?
5, 41, 223, 1063
What are the prime factors of 660494713?
47, 14053079
What are the prime factors of 7436262260?
2, 5, 7, 241, 220399
What are the prime factors of 4878765995?
5, 17, 229, 250643
List the prime factors of 23118763.
19, 1216777
List the prime factors of 2753523433.
79, 34854727
What are the prime factors of 636578158?
2, 17, 1693, 11059
List the prime factors of 185722337.
185722337
List the prime factors of 1640540001.
3, 17, 1892203
List the prime factors of 3303386364.
2, 3, 73, 3770989
What are the prime factors of 1157534159?
29, 37, 659, 1637
List the prime factors of 202028602.
2, 101014301
List the prime factors of 3419073695.
5, 683814739
List the prime factors of 68620018.
2, 34310009
What are the prime factors of 1984089996?
2, 3, 7, 59, 133447
What are the prime factors of 244617150?
2, 3, 5, 1630781
What are the prime factors of 2714030393?
167, 16251679
List the prime factors of 224961525.
3, 5, 167, 5987
List the prime factors of 547538689.
661, 828349
What are the prime factors of 33906912?
2, 3, 13, 101, 269
What are the prime factors of 9475215?
3, 5, 631681
List the prime factors of 619633495.
5, 13, 9532823
List the prime factors of 215720907.
3, 71906969
What are the prime factors of 1254995503?
29, 71, 609517
What are the prime factors of 67618944?
2, 3, 79, 743
List the prime factors of 824469222.
2, 3, 137411537
What are the prime factors of 62310172?
2, 73, 213391
What are the prime factors of 57688330?
2, 5, 7, 149, 5531
List the prime factors of 109877309.
37, 83, 967
What are the prime factors of 141733939?
19, 37, 5449
List the prime factors of 1168922190.
2, 3, 5, 3361, 11593
What are the prime factors of 30408543?
3, 11, 181, 1697
What are the prime factors of 189864484?
2, 109, 443, 983
What are the prime factors of 3899491801?
53, 113, 651109
What are the prime factors of 2941572806?
2, 1470786403
List the prime factors of 35346835.
5, 151, 46817
List the prime factors of 429477622.
2, 7, 30676973
List the prime factors of 40174749.
3, 191, 23371
What are the prime factors of 541764966?
2, 3, 3163, 28547
List the prime factors of 64602329.
11, 17, 79, 4373
What are the prime factors of 602600714?
2, 71, 4243667
List the prime factors of 4298846292.
2, 3, 13, 19, 181, 2671
What are the prime factors of 214011527?
23, 9304849
What are the prime factors of 963017255?
5, 997, 193183
What are the prime factors of 63276699?
3, 21092233
What are the prime factors of 2377135809?
3, 19, 4633793
List the prime factors of 63450947.
7, 9064421
List the prime factors of 14512255.
5, 661, 4391
What are the prime factors of 2895338021?
757, 3824753
List the prime factors of 7661969677.
6329, 1210613
List the prime factors of 77789121.
3, 479, 54133
What are the prime factors of 5406878897?
7, 2749, 280979
List the prime factors of 590025842.
2, 7, 59, 173, 4129
What are the prime factors of 5148288060?
2, 3, 5, 397, 216133
What are the prime factors of 28666941?
3, 9555647
What are the prime factors of 131533731?
3, 7, 2087837
List the prime factors of 81378628.
2, 2131, 9547
List the prime factors of 3092612.
2, 773153
List the prime factors of 3389138437.
107, 4177, 7583
What are the prime factors of 1200829090?
2, 5, 120082909
List the prime factors of 4191316547.
11, 349, 457, 2389
What are the prime factors of 3449911717?
7, 29, 89, 257, 743
List the prime factors of 585063048.
2, 3, 19, 409, 3137
What are the prime factors of 97216006?
2, 48608003
List the prime factors of 87603924.
2, 3, 17, 429431
What are the prime factors of 847702617?
3, 53, 5331463
List the prime factors of 1615996656.
2, 3, 227, 1831
What are the prime factors of 244704338?
2, 197, 751, 827
What are the prime factors of 158952215?
5, 31790443
List the prime factors of 10795653.
3, 11, 163, 223
What are the prime factors of 85329130?
2, 5, 8532913
List the prime factors of 84168489.
3, 73, 384331
List the prime factors of 347370165.
3, 5, 7719337
List the prime factors of 79443044.
2, 19860761
List the prime factors of 2196454392.
2, 3, 11, 2773301
What are the prime factors of 174586425?
3, 5, 13, 241, 743
What are the prime factors of 246583794?
2, 3, 41097299
What are the prime factors of 80716142?
2, 13, 19, 163393
List the prime factors of 1352924228.
2, 338231057
List the prime factors of 87812309.
13, 47, 143719
List the prime factors of 25919256.
2, 3, 11, 98179
List the prime factors of 4132791.
3, 13, 35323
List the prime factors of 684664757.
7, 97809251
What are the prime factors of 3831194502?
2, 3, 23, 9254093
List the prime factors of 1797924766.
2, 11, 23, 67, 181, 293
What are the prime factors of 590652220?
2, 5, 191, 154621
What are the prime factors of 983426215?
5, 4649, 42307
What are the prime factors of 94871909?
11, 41, 210359
List the prime factors of 531329032.
2, 13, 61, 1373
List the prime factors of 130129092.
2, 3, 193, 2081
What are the prime factors of 922008085?
5, 184401617
List the prime factors of 49936301.
49936301
List the prime factors of 5488639532.
2, 1372159883
What are the prime factors of 1120538542?
2, 560269271
What are the prime factors of 106677614?
2, 101, 528107
What are the prime factors of 11068833?
3, 3689611
What are the prime factors of 38988129?
3, 12996043
What are the prime factors of 655418751?
3, 13, 16805609
List the prime factors of 432953303.
379, 1142357
List the prime factors of 479875938.
2, 3, 79979323
What are the prime factors of 299307483?
3, 53, 627479
List the prime factors of 176905850.
2, 5, 11, 321647
What are the prime factors of 146209764?
2, 3, 29, 31, 13553
What are the prime factors of 541656858?
2, 3, 47, 1920769
What are the prime factors of 53863229?
7, 7694747
What are the prime factors of 3147213890?
2, 5, 2897, 108637
List the prime factors of 12417336.
2, 3, 19, 29, 313
What are the prime factors of 4361988441?
3, 19, 97, 211, 3739
What are the prime factors of 76637228?
2, 61, 443, 709
What are the prime factors of 5633009715?
3, 5, 71, 1867, 2833
List the prime factors of 5334302600.
2, 5, 11, 23, 47, 2243
What are the prime factors of 213288301?
29, 7354769
What are the prime factors of 35217729?
3, 41, 95441
List the prime factors of 17157312.
2, 3, 9929
List the prime factors of 1523730238.
2, 29, 101, 260111
List the prime factors of 1077999308.
2, 17, 15852931
What are the prime factors of 787061349?
3, 313, 279397
What are th